{"id":10828,"date":"2020-05-03T17:32:38","date_gmt":"2020-05-03T17:32:38","guid":{"rendered":"http:\/\/elexpert.ma\/beta\/?page_id=10828"},"modified":"2021-07-31T16:16:30","modified_gmt":"2021-07-31T16:16:30","slug":"notre-vision","status":"publish","type":"page","link":"https:\/\/elexpert.ma\/index.php\/notre-vision\/","title":{"rendered":"Notre Vision"},"content":{"rendered":"<div class=\"wpb-content-wrapper\"><p>[vc_row][vc_column][vc_cta h2=&#8221;Notre vision \u2026, notre mission\u2026&#8221; h2_font_container=&#8221;color:%23000000&#8243; h2_google_fonts=&#8221;font_family:Roboto%3A100%2C100italic%2C300%2C300italic%2Cregular%2Citalic%2C500%2C500italic%2C700%2C700italic%2C900%2C900italic|font_style:500%20bold%20italic%3A500%3Aitalic&#8221; h2_css_animation=&#8221;flipInX&#8221; txt_align=&#8221;center&#8221; style=&#8221;flat&#8221; add_icon=&#8221;left&#8221; i_type=&#8221;cspt_greenly_icon&#8221; i_icon_cspt_greenly_icon=&#8221;cspt-greenly-icon cspt-greenly-icon-light-bulb&#8221; i_size=&#8221;lg&#8221; i_css_animation=&#8221;flipInX&#8221; use_custom_fonts_h2=&#8221;true&#8221;][\/vc_cta][\/vc_column][\/vc_row][vc_row][vc_column][vc_column_text]<\/p>\n<p class=\"Normal tm5\"><span class=\"tm6\">L\u2019avenir sera \u00e9lectrique. Personne ne devrait plus en douter aujourd\u2019hui. <\/span><\/p>\n<p class=\"Normal tm5\"><span class=\"tm6\">Car dans un futur plus ou moins proche, et gr\u00e2ce au d\u00e9veloppement des \u00e9nergies renouvelables, l\u2019\u00e9lectricit\u00e9 sera plus abondante et son co\u00fbt baissera jusqu\u2019\u00e0 devenir moins cher que le p\u00e9trole et le gaz.<\/span><\/p>\n<p class=\"Normal tm5\"><span class=\"tm6\">Le d\u00e9veloppement technologique aidant, l\u2019\u00e9lectricit\u00e9 se substituera alors \u00e0 toutes les autres formes d\u2019\u00e9nergie. Elle fera voler les avions, rouler les voitures, les camions et les motos, naviguer les bateaux et d\u00e9coller les fus\u00e9es. Elle fera aussi tourner \u00e0 100% des usines, chauffer les b\u00e2timents, en plus d\u2019\u00e9clairer les rues et les maisons.<\/span><\/p>\n<p class=\"Normal tm5\"><span class=\"tm6\">Mais ce d\u00e9veloppement ne se fera pas sans accrocs. Car comme nous le constatons d\u00e9j\u00e0, avec l\u2019utilisation g\u00e9n\u00e9ralis\u00e9e de l\u2019\u00e9lectronique, les \u00e9quipements sont devenus beaucoup plus sensibles aux transitoires et autres anomalies de l\u2019\u00e9nergie \u00e9lectrique. Auparavant, l\u2019\u00e9quipement \u00e9tait assez \u00e0 l\u2019abri des fluctuations d\u2019\u00e9lectricit\u00e9 \u00e0 court terme et ne renvoyait pas les probl\u00e8mes au r\u00e9seau du service public. Maintenant, avec l&#8217;introduction de dispositifs non lin\u00e9aires (onduleurs, chargeurs, alimentations \u00e0 d\u00e9coupage, etc.), des harmoniques sont cr\u00e9\u00e9s et peuvent affecter l&#8217;\u00e9quipement du client, celui de ses voisins mais aussi celui du service public. On parle alors de probl\u00e8mes de Power Quality ou de Qualit\u00e9 d\u2019\u00e9nergie \u00e9lectrique.<\/span><\/p>\n<p class=\"Normal tm5\"><span class=\"tm6\">Pour d\u00e9terminer la source de ces probl\u00e8mes, les clients, les services publics et les consultants s\u2019\u00e9quipent de plus en plus de moyens de mesure pour surveiller, enregistrer et analyser ces ph\u00e9nom\u00e8nes. <\/span><\/p>\n<p class=\"Normal tm5\"><span class=\"tm6\">Les distributeurs d\u2019\u00e9lectricit\u00e9 seront de plus en plus mis sous pression, et ils seront oblig\u00e9s \u00e0 leur tour de demander des comptes aux pollueurs et autres perturbateurs du r\u00e9seau public.<\/span><\/p>\n<p class=\"Normal tm5\"><span class=\"tm6\">Notre m\u00e9tier sera alors amen\u00e9 \u00e0 \u00e9voluer et l\u2019ensemble de ses acteurs, avec. L\u2019entreprise d\u2019\u00e9lectricit\u00e9 ne pourra plus se contenter de tirer des c\u00e2bles et de brancher des \u00e9quipements. Elle devra dans un avenir proche d\u00e9velopper des comp\u00e9tences en interne, capables d\u2019utiliser des analyseurs de r\u00e9seaux, d\u2019en interpr\u00e9ter les r\u00e9sultats, et surtout de proposer les m\u00e9thodes de traitement \u00e9lectrique en fonction de la source de chaque probl\u00e8me.<\/span><\/p>\n<p>[\/vc_column_text][\/vc_column][\/vc_row][vc_row][vc_column][\/vc_column][vc_column width=&#8221;1\/2&#8243;][vc_single_image image=&#8221;12499&#8243; img_size=&#8221;full&#8221; alignment=&#8221;center&#8221; style=&#8221;vc_box_shadow_3d&#8221;][\/vc_column][vc_column width=&#8221;1\/2&#8243;][vc_column_text]<\/p>\n<p class=\"Normal tm6\"><span class=\"tm7\">Les co\u00fbts \u00ab\u00a0visibles\u00a0\u00bb, constitu\u00e9s par la facture d\u2019\u00e9lectricit\u00e9 ne repr\u00e9sentent que la partie \u00e9merg\u00e9e de l\u2019iceberg, soit moins de 20% du total des co\u00fbts. Souvent, les entreprises payent des co\u00fbts cach\u00e9s bien plus \u00e9lev\u00e9s encore. Il s\u2019agit de\u00a0:<\/span><\/p>\n<ul>\n<li class=\"ListParagraph tm8\">Co\u00fbts li\u00e9s \u00e0 la mauvaise exploitation des \u00e9quipements : pannes fr\u00e9quentes, dur\u00e9e de vie pr\u00e9vue des \u00e9quipements non atteinte, etc.<\/li>\n<li class=\"ListParagraph tm8\">Co\u00fbts engendr\u00e9s par la non disponibilit\u00e9 des installations : baisse du chiffre d\u2019affaire, augmentation des co\u00fbts fixes, baisse des marges, retards de livraison, insatisfaction et m\u00eame perte de clients, etc.<\/li>\n<\/ul>\n<p><span class=\"tm7\">Ces deux types de co\u00fbts \u00ab\u00a0indirects\u00a0\u00bb et \u00ab\u00a0cach\u00e9s\u00a0\u00bb sont intimement li\u00e9s \u00e0 <\/span><\/p>\n<ul>\n<li class=\"ListParagraph tm8\">La qualit\u00e9 de l\u2019\u00e9nergie \u00e9lectrique : pannes dues \u00e0 des surtensions ou des coups de foudre, interruptions de l\u2019alimentation \u00e9lectrique dues \u00e0 des \u00e9v\u00e8nements internes ou externes, fluctuations de la tension, et m\u00eame fluctuations de l\u2019\u00e9clairage (flicker) pouvant impacter la productivit\u00e9 des collaborateurs.<\/li>\n<li class=\"ListParagraph tm8\">La qualit\u00e9 de r\u00e9alisation et d\u2019entretien de l\u2019installation \u00e9lectrique : incendies, d\u00e9clenchements intempestifs des protections, sur-\u00e9chauffements et d\u00e9classement des \u00e9quipements de production, etc.<\/li>\n<\/ul>\n<p>[\/vc_column_text][\/vc_column][\/vc_row][vc_row][vc_column][vc_column_text]<\/p>\n<h6 class=\"Normal tm5\"><strong><span class=\"tm7\">Tel un m\u00e9decin, Elexpert soigne donc et fait de la pr\u00e9vention :<\/span><\/strong><\/h6>\n<p class=\"Normal tm8\"><span class=\"tm6\">Nous soignons les installations de nos clients :<\/span><\/p>\n<ul>\n<li class=\"Normal tm9\"><span class=\"tm6\">Contre les surconsommations gr\u00e2ce \u00e0 nos solutions d\u2019\u00e9conomie d\u2019\u00e9nergie et de management des co\u00fbts<\/span><\/li>\n<li class=\"Normal tm9\"><span class=\"tm6\">Contre les surtensions, les microcoupures, la foudre, les harmoniques et tous les autres probl\u00e8mes de qualit\u00e9 d\u2019\u00e9nergie, transitoires, temporaires et permanents, pouvant occasionner des d\u00e9g\u00e2ts aux \u00e9quipements ou affecter la continuit\u00e9 de service<\/span><\/li>\n<\/ul>\n<p class=\"Normal tm8\"><span class=\"tm6\">Nous les aidons \u00e0 faire de la pr\u00e9vention en mettant \u00e0 leur disposition :<\/span><\/p>\n<ul>\n<li class=\"Normal tm9\"><span class=\"tm6\">Nos solutions de surveillance et de power monitoring<\/span><\/li>\n<li class=\"Normal tm9\"><span class=\"tm6\">Nos solutions et services de maintenance pr\u00e9ventive<\/span><\/li>\n<li class=\"Normal tm9\"><span class=\"tm6\">Notre savoir-faire en mati\u00e8re de conception et de mise \u00e0 niveau des installations HTA et BT<\/span><\/li>\n<\/ul>\n<p class=\"Normal tm5\"><span class=\"tm6\">Finalement, ce qu\u2019offre surtout Elexpert \u00e0 ses clients, c\u2019est la tranquillit\u00e9 d\u2019esprit, l\u2019am\u00e9lioration de sa comp\u00e9titivit\u00e9 et la certitude de b\u00e9n\u00e9ficier de ce qui se fait de mieux en mati\u00e8re d\u2019ing\u00e9nierie \u00e9lectrique.<\/span><\/p>\n<p>[\/vc_column_text][\/vc_column][\/vc_row]<\/p>\n<\/div>","protected":false},"excerpt":{"rendered":"<p>[vc_row][vc_column][vc_cta h2=&#8221;Notre vision \u2026, notre mission\u2026&#8221; h2_font_container=&#8221;color:%23000000&#8243; h2_google_fonts=&#8221;font_family:Roboto%3A100%2C100italic%2C300%2C300italic%2Cregular%2Citalic%2C500%2C500italic%2C700%2C700italic%2C900%2C900italic|font_style:500%20bold%20italic%3A500%3Aitalic&#8221; h2_css_animation=&#8221;flipInX&#8221; txt_align=&#8221;center&#8221; style=&#8221;flat&#8221; add_icon=&#8221;left&#8221; i_type=&#8221;cspt_greenly_icon&#8221; i_icon_cspt_greenly_icon=&#8221;cspt-greenly-icon cspt-greenly-icon-light-bulb&#8221; i_size=&#8221;lg&#8221; i_css_animation=&#8221;flipInX&#8221; use_custom_fonts_h2=&#8221;true&#8221;][\/vc_cta][\/vc_column][\/vc_row][vc_row][vc_column][vc_column_text] L\u2019avenir sera \u00e9lectrique. Personne ne devrait plus en douter aujourd\u2019hui. Car dans un futur plus ou moins proche, et gr\u00e2ce au d\u00e9veloppement des \u00e9nergies renouvelables, l\u2019\u00e9lectricit\u00e9 sera plus abondante et son co\u00fbt baissera jusqu\u2019\u00e0 devenir moins cher que le p\u00e9trole et le gaz. Le d\u00e9veloppement technologique aidant, l\u2019\u00e9lectricit\u00e9 se substituera alors \u00e0[&hellip;]<\/p>\n","protected":false},"author":1,"featured_media":0,"parent":0,"menu_order":0,"comment_status":"closed","ping_status":"closed","template":"","meta":{"_acf_changed":false,"_monsterinsights_skip_tracking":false,"_monsterinsights_sitenote_active":false,"_monsterinsights_sitenote_note":"","_monsterinsights_sitenote_category":0,"footnotes":""},"class_list":["post-10828","page","type-page","status-publish","hentry"],"acf":[],"yoast_head":"<!-- This site is optimized with the Yoast SEO plugin v24.8.1 - https:\/\/yoast.com\/wordpress\/plugins\/seo\/ -->\n<title>Notre Vision - Elexpert<\/title>\n<meta name=\"robots\" content=\"index, follow, max-snippet:-1, max-image-preview:large, max-video-preview:-1\" \/>\n<link rel=\"canonical\" href=\"https:\/\/elexpert.ma\/index.php\/notre-vision\/\" \/>\n<meta property=\"og:locale\" content=\"fr_FR\" \/>\n<meta property=\"og:type\" content=\"article\" \/>\n<meta property=\"og:title\" content=\"Notre Vision - Elexpert\" \/>\n<meta property=\"og:description\" content=\"[vc_row][vc_column][vc_cta h2=&#8221;Notre vision \u2026, notre mission\u2026&#8221; h2_font_container=&#8221;color:%23000000&#8243; h2_google_fonts=&#8221;font_family:Roboto%3A100%2C100italic%2C300%2C300italic%2Cregular%2Citalic%2C500%2C500italic%2C700%2C700italic%2C900%2C900italic|font_style:500%20bold%20italic%3A500%3Aitalic&#8221; h2_css_animation=&#8221;flipInX&#8221; txt_align=&#8221;center&#8221; style=&#8221;flat&#8221; add_icon=&#8221;left&#8221; i_type=&#8221;cspt_greenly_icon&#8221; i_icon_cspt_greenly_icon=&#8221;cspt-greenly-icon cspt-greenly-icon-light-bulb&#8221; i_size=&#8221;lg&#8221; i_css_animation=&#8221;flipInX&#8221; use_custom_fonts_h2=&#8221;true&#8221;][\/vc_cta][\/vc_column][\/vc_row][vc_row][vc_column][vc_column_text] L\u2019avenir sera \u00e9lectrique. Personne ne devrait plus en douter aujourd\u2019hui. Car dans un futur plus ou moins proche, et gr\u00e2ce au d\u00e9veloppement des \u00e9nergies renouvelables, l\u2019\u00e9lectricit\u00e9 sera plus abondante et son co\u00fbt baissera jusqu\u2019\u00e0 devenir moins cher que le p\u00e9trole et le gaz. Le d\u00e9veloppement technologique aidant, l\u2019\u00e9lectricit\u00e9 se substituera alors \u00e0[&hellip;]\" \/>\n<meta property=\"og:url\" content=\"https:\/\/elexpert.ma\/index.php\/notre-vision\/\" \/>\n<meta property=\"og:site_name\" content=\"Elexpert\" \/>\n<meta property=\"article:modified_time\" content=\"2021-07-31T16:16:30+00:00\" \/>\n<meta name=\"twitter:card\" content=\"summary_large_image\" \/>\n<meta name=\"twitter:label1\" content=\"Dur\u00e9e de lecture estim\u00e9e\" \/>\n\t<meta name=\"twitter:data1\" content=\"5 minutes\" \/>\n<script type=\"application\/ld+json\" class=\"yoast-schema-graph\">{\"@context\":\"https:\/\/schema.org\",\"@graph\":[{\"@type\":\"WebPage\",\"@id\":\"https:\/\/elexpert.ma\/index.php\/notre-vision\/\",\"url\":\"https:\/\/elexpert.ma\/index.php\/notre-vision\/\",\"name\":\"Notre Vision - Elexpert\",\"isPartOf\":{\"@id\":\"https:\/\/elexpert.ma\/#website\"},\"datePublished\":\"2020-05-03T17:32:38+00:00\",\"dateModified\":\"2021-07-31T16:16:30+00:00\",\"breadcrumb\":{\"@id\":\"https:\/\/elexpert.ma\/index.php\/notre-vision\/#breadcrumb\"},\"inLanguage\":\"fr-FR\",\"potentialAction\":[{\"@type\":\"ReadAction\",\"target\":[\"https:\/\/elexpert.ma\/index.php\/notre-vision\/\"]}]},{\"@type\":\"BreadcrumbList\",\"@id\":\"https:\/\/elexpert.ma\/index.php\/notre-vision\/#breadcrumb\",\"itemListElement\":[{\"@type\":\"ListItem\",\"position\":1,\"name\":\"Accueil\",\"item\":\"https:\/\/elexpert.ma\/\"},{\"@type\":\"ListItem\",\"position\":2,\"name\":\"Notre Vision\"}]},{\"@type\":\"WebSite\",\"@id\":\"https:\/\/elexpert.ma\/#website\",\"url\":\"https:\/\/elexpert.ma\/\",\"name\":\"Elexpert\",\"description\":\"Votre partenaire pour la maitrise de l&#039;\u00e9nergie \u00e9lectrique\",\"publisher\":{\"@id\":\"https:\/\/elexpert.ma\/#organization\"},\"potentialAction\":[{\"@type\":\"SearchAction\",\"target\":{\"@type\":\"EntryPoint\",\"urlTemplate\":\"https:\/\/elexpert.ma\/?s={search_term_string}\"},\"query-input\":{\"@type\":\"PropertyValueSpecification\",\"valueRequired\":true,\"valueName\":\"search_term_string\"}}],\"inLanguage\":\"fr-FR\"},{\"@type\":\"Organization\",\"@id\":\"https:\/\/elexpert.ma\/#organization\",\"name\":\"Elexpert\",\"url\":\"https:\/\/elexpert.ma\/\",\"logo\":{\"@type\":\"ImageObject\",\"inLanguage\":\"fr-FR\",\"@id\":\"https:\/\/elexpert.ma\/#\/schema\/logo\/image\/\",\"url\":\"https:\/\/elexpert.ma\/wp-content\/uploads\/2020\/05\/logo-elexpert.jpg\",\"contentUrl\":\"https:\/\/elexpert.ma\/wp-content\/uploads\/2020\/05\/logo-elexpert.jpg\",\"width\":320,\"height\":94,\"caption\":\"Elexpert\"},\"image\":{\"@id\":\"https:\/\/elexpert.ma\/#\/schema\/logo\/image\/\"}}]}<\/script>\n<!-- \/ Yoast SEO plugin. -->","yoast_head_json":{"title":"Notre Vision - Elexpert","robots":{"index":"index","follow":"follow","max-snippet":"max-snippet:-1","max-image-preview":"max-image-preview:large","max-video-preview":"max-video-preview:-1"},"canonical":"https:\/\/elexpert.ma\/index.php\/notre-vision\/","og_locale":"fr_FR","og_type":"article","og_title":"Notre Vision - Elexpert","og_description":"[vc_row][vc_column][vc_cta h2=&#8221;Notre vision \u2026, notre mission\u2026&#8221; h2_font_container=&#8221;color:%23000000&#8243; h2_google_fonts=&#8221;font_family:Roboto%3A100%2C100italic%2C300%2C300italic%2Cregular%2Citalic%2C500%2C500italic%2C700%2C700italic%2C900%2C900italic|font_style:500%20bold%20italic%3A500%3Aitalic&#8221; h2_css_animation=&#8221;flipInX&#8221; txt_align=&#8221;center&#8221; style=&#8221;flat&#8221; add_icon=&#8221;left&#8221; i_type=&#8221;cspt_greenly_icon&#8221; i_icon_cspt_greenly_icon=&#8221;cspt-greenly-icon cspt-greenly-icon-light-bulb&#8221; i_size=&#8221;lg&#8221; i_css_animation=&#8221;flipInX&#8221; use_custom_fonts_h2=&#8221;true&#8221;][\/vc_cta][\/vc_column][\/vc_row][vc_row][vc_column][vc_column_text] L\u2019avenir sera \u00e9lectrique. Personne ne devrait plus en douter aujourd\u2019hui. Car dans un futur plus ou moins proche, et gr\u00e2ce au d\u00e9veloppement des \u00e9nergies renouvelables, l\u2019\u00e9lectricit\u00e9 sera plus abondante et son co\u00fbt baissera jusqu\u2019\u00e0 devenir moins cher que le p\u00e9trole et le gaz. Le d\u00e9veloppement technologique aidant, l\u2019\u00e9lectricit\u00e9 se substituera alors \u00e0[&hellip;]","og_url":"https:\/\/elexpert.ma\/index.php\/notre-vision\/","og_site_name":"Elexpert","article_modified_time":"2021-07-31T16:16:30+00:00","twitter_card":"summary_large_image","twitter_misc":{"Dur\u00e9e de lecture estim\u00e9e":"5 minutes"},"schema":{"@context":"https:\/\/schema.org","@graph":[{"@type":"WebPage","@id":"https:\/\/elexpert.ma\/index.php\/notre-vision\/","url":"https:\/\/elexpert.ma\/index.php\/notre-vision\/","name":"Notre Vision - Elexpert","isPartOf":{"@id":"https:\/\/elexpert.ma\/#website"},"datePublished":"2020-05-03T17:32:38+00:00","dateModified":"2021-07-31T16:16:30+00:00","breadcrumb":{"@id":"https:\/\/elexpert.ma\/index.php\/notre-vision\/#breadcrumb"},"inLanguage":"fr-FR","potentialAction":[{"@type":"ReadAction","target":["https:\/\/elexpert.ma\/index.php\/notre-vision\/"]}]},{"@type":"BreadcrumbList","@id":"https:\/\/elexpert.ma\/index.php\/notre-vision\/#breadcrumb","itemListElement":[{"@type":"ListItem","position":1,"name":"Accueil","item":"https:\/\/elexpert.ma\/"},{"@type":"ListItem","position":2,"name":"Notre Vision"}]},{"@type":"WebSite","@id":"https:\/\/elexpert.ma\/#website","url":"https:\/\/elexpert.ma\/","name":"Elexpert","description":"Votre partenaire pour la maitrise de l&#039;\u00e9nergie \u00e9lectrique","publisher":{"@id":"https:\/\/elexpert.ma\/#organization"},"potentialAction":[{"@type":"SearchAction","target":{"@type":"EntryPoint","urlTemplate":"https:\/\/elexpert.ma\/?s={search_term_string}"},"query-input":{"@type":"PropertyValueSpecification","valueRequired":true,"valueName":"search_term_string"}}],"inLanguage":"fr-FR"},{"@type":"Organization","@id":"https:\/\/elexpert.ma\/#organization","name":"Elexpert","url":"https:\/\/elexpert.ma\/","logo":{"@type":"ImageObject","inLanguage":"fr-FR","@id":"https:\/\/elexpert.ma\/#\/schema\/logo\/image\/","url":"https:\/\/elexpert.ma\/wp-content\/uploads\/2020\/05\/logo-elexpert.jpg","contentUrl":"https:\/\/elexpert.ma\/wp-content\/uploads\/2020\/05\/logo-elexpert.jpg","width":320,"height":94,"caption":"Elexpert"},"image":{"@id":"https:\/\/elexpert.ma\/#\/schema\/logo\/image\/"}}]}},"_links":{"self":[{"href":"https:\/\/elexpert.ma\/index.php\/wp-json\/wp\/v2\/pages\/10828","targetHints":{"allow":["GET"]}}],"collection":[{"href":"https:\/\/elexpert.ma\/index.php\/wp-json\/wp\/v2\/pages"}],"about":[{"href":"https:\/\/elexpert.ma\/index.php\/wp-json\/wp\/v2\/types\/page"}],"author":[{"embeddable":true,"href":"https:\/\/elexpert.ma\/index.php\/wp-json\/wp\/v2\/users\/1"}],"replies":[{"embeddable":true,"href":"https:\/\/elexpert.ma\/index.php\/wp-json\/wp\/v2\/comments?post=10828"}],"version-history":[{"count":7,"href":"https:\/\/elexpert.ma\/index.php\/wp-json\/wp\/v2\/pages\/10828\/revisions"}],"predecessor-version":[{"id":12589,"href":"https:\/\/elexpert.ma\/index.php\/wp-json\/wp\/v2\/pages\/10828\/revisions\/12589"}],"wp:attachment":[{"href":"https:\/\/elexpert.ma\/index.php\/wp-json\/wp\/v2\/media?parent=10828"}],"curies":[{"name":"wp","href":"https:\/\/api.w.org\/{rel}","templated":true}]}}