{"id":11056,"date":"2020-05-05T02:07:13","date_gmt":"2020-05-05T02:07:13","guid":{"rendered":"http:\/\/elexpert.ma\/beta\/?page_id=11056"},"modified":"2021-06-11T01:18:38","modified_gmt":"2021-06-11T01:18:38","slug":"nos-certificats","status":"publish","type":"page","link":"https:\/\/elexpert.ma\/index.php\/nos-certificats\/","title":{"rendered":"Nos Certificats"},"content":{"rendered":"<div class=\"wpb-content-wrapper\"><p>[vc_row cspt-bg-color=&#8221;white&#8221; full_width=&#8221;stretch_row&#8221; el_class=&#8221;cspt-bgimage-repeat-y cspt-bgimg-mobi-hide&#8221; cspt-responsive-css=&#8221;42818963|colbreak_no|||||||||colbreak_yes|||||||||colbreak_no||||||||||colbreak_no|||||||||&#8221;][vc_column width=&#8221;1\/4&#8243; css=&#8221;.vc_custom_1549963816672{margin-top: 60px !important;}&#8221;][vc_single_image image=&#8221;11058&#8243; img_size=&#8221;medium&#8221; alignment=&#8221;center&#8221; style=&#8221;vc_box_shadow_3d&#8221;][\/vc_column][vc_column width=&#8221;3\/4&#8243; css=&#8221;.vc_custom_1548751170842{padding-right: 60px !important;}&#8221;][vc_column_text]<\/p>\n<p class=\"Normal tm5\"><span class=\"tm6\">Elexpert est certifi\u00e9e Qualifoudre par INERIS (France) pour les activit\u00e9s d\u2019analyse de risque foudre, d\u2019\u00e9tude, d\u2019installation et de contr\u00f4le des syst\u00e8mes de protection contre la foudre.<\/span><\/p>\n<p>[\/vc_column_text][\/vc_column][\/vc_row][vc_row cspt-text-color=&#8221;white&#8221; cspt-bg-color=&#8221;globalcolor&#8221; full_width=&#8221;stretch_row&#8221; el_class=&#8221;cspt-bgimage-repeat-y cspt-bgimg-mobi-hide&#8221; cspt-responsive-css=&#8221;42818963|colbreak_no|||||||||colbreak_yes|||||||||colbreak_no||||||||||colbreak_no|||||||||&#8221;][vc_column width=&#8221;1\/4&#8243; css=&#8221;.vc_custom_1549963816672{margin-top: 60px !important;}&#8221;][vc_single_image image=&#8221;11060&#8243; img_size=&#8221;medium&#8221; alignment=&#8221;center&#8221; style=&#8221;vc_box_shadow_3d&#8221;][\/vc_column][vc_column width=&#8221;3\/4&#8243; css=&#8221;.vc_custom_1548751170842{padding-right: 60px !important;}&#8221;][vc_column_text]<\/p>\n<p class=\"Normal tm5\"><span class=\"tm6\">ELEXPERT est certifi\u00e9<strong> ISO9001:2015<\/strong> par Bureau Veritas, pour son syst\u00e8me de management de la qualit\u00e9, et ce <strong>depuis 2006.<\/strong><\/span><\/p>\n<p>[\/vc_column_text][\/vc_column][\/vc_row][vc_row cspt-bg-color=&#8221;white&#8221; full_width=&#8221;stretch_row&#8221; el_class=&#8221;cspt-bgimage-repeat-y cspt-bgimg-mobi-hide&#8221; cspt-responsive-css=&#8221;42818963|colbreak_no|||||||||colbreak_yes|||||||||colbreak_no||||||||||colbreak_no|||||||||&#8221;][vc_column width=&#8221;1\/4&#8243; css=&#8221;.vc_custom_1548751170842{padding-right: 60px !important;}&#8221;][vc_single_image image=&#8221;11059&#8243; img_size=&#8221;medium&#8221; alignment=&#8221;center&#8221; style=&#8221;vc_box_shadow_3d&#8221;][\/vc_column][vc_column width=&#8221;3\/4&#8243; css=&#8221;.vc_custom_1549963816672{margin-top: 60px !important;}&#8221;][vc_column_text]<\/p>\n<p class=\"Normal tm5\" style=\"text-align: justify;\">L\u2019expertise de ELEXPERT est \u00e9galement reconnue dans le domaine des \u00e9nergies renouvelables gr\u00e2ce au label TAQA Pro PV+ , d\u00e9cern\u00e9 par l\u2019AMEE (Agence Marocaine pour l\u2019Efficacit\u00e9 \u00c9nerg\u00e9tique), l\u2019AMISOLE (Association Marocaine des Industries Solaires et \u00c9oliennes) et le Cluster Solaire, aux entreprises marocaines reconnues pour leur savoir-faire dans la r\u00e9alisation des installations photovolta\u00efques de tailles moyennes et grandes.<\/p>\n<p>[\/vc_column_text][\/vc_column][\/vc_row][vc_row cspt-text-color=&#8221;white&#8221; cspt-bg-color=&#8221;globalcolor&#8221; full_width=&#8221;stretch_row&#8221; el_class=&#8221;cspt-bgimage-repeat-y cspt-bgimg-mobi-hide&#8221; cspt-responsive-css=&#8221;42818963|colbreak_no|||||||||colbreak_yes|||||||||colbreak_no||||||||||colbreak_no|||||||||&#8221;][vc_column width=&#8221;1\/4&#8243; css=&#8221;.vc_custom_1549963816672{margin-top: 60px !important;}&#8221;][vc_single_image image=&#8221;10962&#8243; img_size=&#8221;medium&#8221; alignment=&#8221;center&#8221; style=&#8221;vc_box_shadow_3d&#8221;][\/vc_column][vc_column width=&#8221;3\/4&#8243; css=&#8221;.vc_custom_1548751170842{padding-right: 60px !important;}&#8221;][vc_column_text]<\/p>\n<p class=\"Normal tm5\"><span class=\"tm6\">En tant qu\u2019installateur, Elexpert poss\u00e8de \u00e9galement l\u2019agr\u00e9ment MTBT2 de l\u2019Office National de l\u2019Electricit\u00e9 (ONEE- Branche Electricit\u00e9) ainsi que les agr\u00e9ments MTBT de plusieurs r\u00e9gies de distribution d\u2019\u00e9lectricit\u00e9, dont Lydec (Casablanca), Radeema (Marrakech), etc.<\/span><\/p>\n<p>[\/vc_column_text][\/vc_column][\/vc_row][vc_row full_width=&#8221;stretch_row&#8221; el_class=&#8221;cspt-bgimage-repeat-y cspt-bgimg-mobi-hide&#8221; cspt-responsive-css=&#8221;42818963|colbreak_no|||||||||colbreak_yes|||||||||colbreak_no||||||||||colbreak_no|||||||||&#8221; css=&#8221;.vc_custom_1602429039240{padding-top: 50px !important;}&#8221;][vc_column width=&#8221;1\/4&#8243; css=&#8221;.vc_custom_1549963816672{margin-top: 60px !important;}&#8221;][vc_single_image image=&#8221;11061&#8243; img_size=&#8221;medium&#8221; alignment=&#8221;center&#8221; style=&#8221;vc_box_shadow_3d&#8221;][\/vc_column][vc_column width=&#8221;3\/4&#8243; css=&#8221;.vc_custom_1548751170842{padding-right: 60px !important;}&#8221;][vc_column_text]<\/p>\n<p style=\"text-align: justify;\">Elexpert est \u00e9galement qualifi\u00e9e par le minist\u00e8re de l\u2019\u00e9quipement, du transport et de la logistique dans le secteur des BTP. Elle est class\u00e9e dans la classe 1 en travaux \u00e9lectriques basse et moyenne tension, \u00e9clairage public et \u00e9nergies renouvelables (Qualifications J1, J2, J3, J4, J5 et J6) et dans la classe 3 en courants faibles (r\u00e9seaux informatiques, etc.).<\/p>\n<p>[\/vc_column_text][\/vc_column][\/vc_row]<\/p>\n<\/div>","protected":false},"excerpt":{"rendered":"<p>[vc_row cspt-bg-color=&#8221;white&#8221; full_width=&#8221;stretch_row&#8221; el_class=&#8221;cspt-bgimage-repeat-y cspt-bgimg-mobi-hide&#8221; cspt-responsive-css=&#8221;42818963|colbreak_no|||||||||colbreak_yes|||||||||colbreak_no||||||||||colbreak_no|||||||||&#8221;][vc_column width=&#8221;1\/4&#8243; css=&#8221;.vc_custom_1549963816672{margin-top: 60px !important;}&#8221;][vc_single_image image=&#8221;11058&#8243; img_size=&#8221;medium&#8221; alignment=&#8221;center&#8221; style=&#8221;vc_box_shadow_3d&#8221;][\/vc_column][vc_column width=&#8221;3\/4&#8243; css=&#8221;.vc_custom_1548751170842{padding-right: 60px !important;}&#8221;][vc_column_text] Elexpert est certifi\u00e9e Qualifoudre par INERIS (France) pour les activit\u00e9s d\u2019analyse de risque foudre, d\u2019\u00e9tude, d\u2019installation et de contr\u00f4le des syst\u00e8mes de protection contre la foudre. [\/vc_column_text][\/vc_column][\/vc_row][vc_row cspt-text-color=&#8221;white&#8221; cspt-bg-color=&#8221;globalcolor&#8221; full_width=&#8221;stretch_row&#8221; el_class=&#8221;cspt-bgimage-repeat-y cspt-bgimg-mobi-hide&#8221; cspt-responsive-css=&#8221;42818963|colbreak_no|||||||||colbreak_yes|||||||||colbreak_no||||||||||colbreak_no|||||||||&#8221;][vc_column width=&#8221;1\/4&#8243; css=&#8221;.vc_custom_1549963816672{margin-top: 60px !important;}&#8221;][vc_single_image image=&#8221;11060&#8243; img_size=&#8221;medium&#8221; alignment=&#8221;center&#8221; style=&#8221;vc_box_shadow_3d&#8221;][\/vc_column][vc_column width=&#8221;3\/4&#8243; css=&#8221;.vc_custom_1548751170842{padding-right: 60px !important;}&#8221;][vc_column_text] ELEXPERT est certifi\u00e9 ISO9001:2015 par Bureau Veritas,[&hellip;]<\/p>\n","protected":false},"author":1,"featured_media":0,"parent":0,"menu_order":0,"comment_status":"closed","ping_status":"closed","template":"","meta":{"_acf_changed":false,"_monsterinsights_skip_tracking":false,"_monsterinsights_sitenote_active":false,"_monsterinsights_sitenote_note":"","_monsterinsights_sitenote_category":0,"footnotes":""},"class_list":["post-11056","page","type-page","status-publish","hentry"],"acf":[],"yoast_head":"<!-- This site is optimized with the Yoast SEO plugin v24.8.1 - https:\/\/yoast.com\/wordpress\/plugins\/seo\/ -->\n<title>Nos Certificats - Elexpert<\/title>\n<meta name=\"robots\" content=\"index, follow, max-snippet:-1, max-image-preview:large, max-video-preview:-1\" \/>\n<link rel=\"canonical\" href=\"https:\/\/elexpert.ma\/index.php\/nos-certificats\/\" \/>\n<meta property=\"og:locale\" content=\"fr_FR\" \/>\n<meta property=\"og:type\" content=\"article\" \/>\n<meta property=\"og:title\" content=\"Nos Certificats - Elexpert\" \/>\n<meta property=\"og:description\" content=\"[vc_row cspt-bg-color=&#8221;white&#8221; full_width=&#8221;stretch_row&#8221; el_class=&#8221;cspt-bgimage-repeat-y cspt-bgimg-mobi-hide&#8221; cspt-responsive-css=&#8221;42818963|colbreak_no|||||||||colbreak_yes|||||||||colbreak_no||||||||||colbreak_no|||||||||&#8221;][vc_column width=&#8221;1\/4&#8243; css=&#8221;.vc_custom_1549963816672{margin-top: 60px !important;}&#8221;][vc_single_image image=&#8221;11058&#8243; img_size=&#8221;medium&#8221; alignment=&#8221;center&#8221; style=&#8221;vc_box_shadow_3d&#8221;][\/vc_column][vc_column width=&#8221;3\/4&#8243; css=&#8221;.vc_custom_1548751170842{padding-right: 60px !important;}&#8221;][vc_column_text] Elexpert est certifi\u00e9e Qualifoudre par INERIS (France) pour les activit\u00e9s d\u2019analyse de risque foudre, d\u2019\u00e9tude, d\u2019installation et de contr\u00f4le des syst\u00e8mes de protection contre la foudre. [\/vc_column_text][\/vc_column][\/vc_row][vc_row cspt-text-color=&#8221;white&#8221; cspt-bg-color=&#8221;globalcolor&#8221; full_width=&#8221;stretch_row&#8221; el_class=&#8221;cspt-bgimage-repeat-y cspt-bgimg-mobi-hide&#8221; cspt-responsive-css=&#8221;42818963|colbreak_no|||||||||colbreak_yes|||||||||colbreak_no||||||||||colbreak_no|||||||||&#8221;][vc_column width=&#8221;1\/4&#8243; css=&#8221;.vc_custom_1549963816672{margin-top: 60px !important;}&#8221;][vc_single_image image=&#8221;11060&#8243; img_size=&#8221;medium&#8221; alignment=&#8221;center&#8221; style=&#8221;vc_box_shadow_3d&#8221;][\/vc_column][vc_column width=&#8221;3\/4&#8243; css=&#8221;.vc_custom_1548751170842{padding-right: 60px !important;}&#8221;][vc_column_text] ELEXPERT est certifi\u00e9 ISO9001:2015 par Bureau Veritas,[&hellip;]\" \/>\n<meta property=\"og:url\" content=\"https:\/\/elexpert.ma\/index.php\/nos-certificats\/\" \/>\n<meta property=\"og:site_name\" content=\"Elexpert\" \/>\n<meta property=\"article:modified_time\" content=\"2021-06-11T01:18:38+00:00\" \/>\n<meta name=\"twitter:card\" content=\"summary_large_image\" \/>\n<meta name=\"twitter:label1\" content=\"Dur\u00e9e de lecture estim\u00e9e\" \/>\n\t<meta name=\"twitter:data1\" content=\"4 minutes\" \/>\n<script type=\"application\/ld+json\" class=\"yoast-schema-graph\">{\"@context\":\"https:\/\/schema.org\",\"@graph\":[{\"@type\":\"WebPage\",\"@id\":\"https:\/\/elexpert.ma\/index.php\/nos-certificats\/\",\"url\":\"https:\/\/elexpert.ma\/index.php\/nos-certificats\/\",\"name\":\"Nos Certificats - Elexpert\",\"isPartOf\":{\"@id\":\"https:\/\/elexpert.ma\/#website\"},\"datePublished\":\"2020-05-05T02:07:13+00:00\",\"dateModified\":\"2021-06-11T01:18:38+00:00\",\"breadcrumb\":{\"@id\":\"https:\/\/elexpert.ma\/index.php\/nos-certificats\/#breadcrumb\"},\"inLanguage\":\"fr-FR\",\"potentialAction\":[{\"@type\":\"ReadAction\",\"target\":[\"https:\/\/elexpert.ma\/index.php\/nos-certificats\/\"]}]},{\"@type\":\"BreadcrumbList\",\"@id\":\"https:\/\/elexpert.ma\/index.php\/nos-certificats\/#breadcrumb\",\"itemListElement\":[{\"@type\":\"ListItem\",\"position\":1,\"name\":\"Accueil\",\"item\":\"https:\/\/elexpert.ma\/\"},{\"@type\":\"ListItem\",\"position\":2,\"name\":\"Nos Certificats\"}]},{\"@type\":\"WebSite\",\"@id\":\"https:\/\/elexpert.ma\/#website\",\"url\":\"https:\/\/elexpert.ma\/\",\"name\":\"Elexpert\",\"description\":\"Votre partenaire pour la maitrise de l&#039;\u00e9nergie \u00e9lectrique\",\"publisher\":{\"@id\":\"https:\/\/elexpert.ma\/#organization\"},\"potentialAction\":[{\"@type\":\"SearchAction\",\"target\":{\"@type\":\"EntryPoint\",\"urlTemplate\":\"https:\/\/elexpert.ma\/?s={search_term_string}\"},\"query-input\":{\"@type\":\"PropertyValueSpecification\",\"valueRequired\":true,\"valueName\":\"search_term_string\"}}],\"inLanguage\":\"fr-FR\"},{\"@type\":\"Organization\",\"@id\":\"https:\/\/elexpert.ma\/#organization\",\"name\":\"Elexpert\",\"url\":\"https:\/\/elexpert.ma\/\",\"logo\":{\"@type\":\"ImageObject\",\"inLanguage\":\"fr-FR\",\"@id\":\"https:\/\/elexpert.ma\/#\/schema\/logo\/image\/\",\"url\":\"https:\/\/elexpert.ma\/wp-content\/uploads\/2020\/05\/logo-elexpert.jpg\",\"contentUrl\":\"https:\/\/elexpert.ma\/wp-content\/uploads\/2020\/05\/logo-elexpert.jpg\",\"width\":320,\"height\":94,\"caption\":\"Elexpert\"},\"image\":{\"@id\":\"https:\/\/elexpert.ma\/#\/schema\/logo\/image\/\"}}]}<\/script>\n<!-- \/ Yoast SEO plugin. -->","yoast_head_json":{"title":"Nos Certificats - Elexpert","robots":{"index":"index","follow":"follow","max-snippet":"max-snippet:-1","max-image-preview":"max-image-preview:large","max-video-preview":"max-video-preview:-1"},"canonical":"https:\/\/elexpert.ma\/index.php\/nos-certificats\/","og_locale":"fr_FR","og_type":"article","og_title":"Nos Certificats - Elexpert","og_description":"[vc_row cspt-bg-color=&#8221;white&#8221; full_width=&#8221;stretch_row&#8221; el_class=&#8221;cspt-bgimage-repeat-y cspt-bgimg-mobi-hide&#8221; cspt-responsive-css=&#8221;42818963|colbreak_no|||||||||colbreak_yes|||||||||colbreak_no||||||||||colbreak_no|||||||||&#8221;][vc_column width=&#8221;1\/4&#8243; css=&#8221;.vc_custom_1549963816672{margin-top: 60px !important;}&#8221;][vc_single_image image=&#8221;11058&#8243; img_size=&#8221;medium&#8221; alignment=&#8221;center&#8221; style=&#8221;vc_box_shadow_3d&#8221;][\/vc_column][vc_column width=&#8221;3\/4&#8243; css=&#8221;.vc_custom_1548751170842{padding-right: 60px !important;}&#8221;][vc_column_text] Elexpert est certifi\u00e9e Qualifoudre par INERIS (France) pour les activit\u00e9s d\u2019analyse de risque foudre, d\u2019\u00e9tude, d\u2019installation et de contr\u00f4le des syst\u00e8mes de protection contre la foudre. [\/vc_column_text][\/vc_column][\/vc_row][vc_row cspt-text-color=&#8221;white&#8221; cspt-bg-color=&#8221;globalcolor&#8221; full_width=&#8221;stretch_row&#8221; el_class=&#8221;cspt-bgimage-repeat-y cspt-bgimg-mobi-hide&#8221; cspt-responsive-css=&#8221;42818963|colbreak_no|||||||||colbreak_yes|||||||||colbreak_no||||||||||colbreak_no|||||||||&#8221;][vc_column width=&#8221;1\/4&#8243; css=&#8221;.vc_custom_1549963816672{margin-top: 60px !important;}&#8221;][vc_single_image image=&#8221;11060&#8243; img_size=&#8221;medium&#8221; alignment=&#8221;center&#8221; style=&#8221;vc_box_shadow_3d&#8221;][\/vc_column][vc_column width=&#8221;3\/4&#8243; css=&#8221;.vc_custom_1548751170842{padding-right: 60px !important;}&#8221;][vc_column_text] ELEXPERT est certifi\u00e9 ISO9001:2015 par Bureau Veritas,[&hellip;]","og_url":"https:\/\/elexpert.ma\/index.php\/nos-certificats\/","og_site_name":"Elexpert","article_modified_time":"2021-06-11T01:18:38+00:00","twitter_card":"summary_large_image","twitter_misc":{"Dur\u00e9e de lecture estim\u00e9e":"4 minutes"},"schema":{"@context":"https:\/\/schema.org","@graph":[{"@type":"WebPage","@id":"https:\/\/elexpert.ma\/index.php\/nos-certificats\/","url":"https:\/\/elexpert.ma\/index.php\/nos-certificats\/","name":"Nos Certificats - Elexpert","isPartOf":{"@id":"https:\/\/elexpert.ma\/#website"},"datePublished":"2020-05-05T02:07:13+00:00","dateModified":"2021-06-11T01:18:38+00:00","breadcrumb":{"@id":"https:\/\/elexpert.ma\/index.php\/nos-certificats\/#breadcrumb"},"inLanguage":"fr-FR","potentialAction":[{"@type":"ReadAction","target":["https:\/\/elexpert.ma\/index.php\/nos-certificats\/"]}]},{"@type":"BreadcrumbList","@id":"https:\/\/elexpert.ma\/index.php\/nos-certificats\/#breadcrumb","itemListElement":[{"@type":"ListItem","position":1,"name":"Accueil","item":"https:\/\/elexpert.ma\/"},{"@type":"ListItem","position":2,"name":"Nos Certificats"}]},{"@type":"WebSite","@id":"https:\/\/elexpert.ma\/#website","url":"https:\/\/elexpert.ma\/","name":"Elexpert","description":"Votre partenaire pour la maitrise de l&#039;\u00e9nergie \u00e9lectrique","publisher":{"@id":"https:\/\/elexpert.ma\/#organization"},"potentialAction":[{"@type":"SearchAction","target":{"@type":"EntryPoint","urlTemplate":"https:\/\/elexpert.ma\/?s={search_term_string}"},"query-input":{"@type":"PropertyValueSpecification","valueRequired":true,"valueName":"search_term_string"}}],"inLanguage":"fr-FR"},{"@type":"Organization","@id":"https:\/\/elexpert.ma\/#organization","name":"Elexpert","url":"https:\/\/elexpert.ma\/","logo":{"@type":"ImageObject","inLanguage":"fr-FR","@id":"https:\/\/elexpert.ma\/#\/schema\/logo\/image\/","url":"https:\/\/elexpert.ma\/wp-content\/uploads\/2020\/05\/logo-elexpert.jpg","contentUrl":"https:\/\/elexpert.ma\/wp-content\/uploads\/2020\/05\/logo-elexpert.jpg","width":320,"height":94,"caption":"Elexpert"},"image":{"@id":"https:\/\/elexpert.ma\/#\/schema\/logo\/image\/"}}]}},"_links":{"self":[{"href":"https:\/\/elexpert.ma\/index.php\/wp-json\/wp\/v2\/pages\/11056","targetHints":{"allow":["GET"]}}],"collection":[{"href":"https:\/\/elexpert.ma\/index.php\/wp-json\/wp\/v2\/pages"}],"about":[{"href":"https:\/\/elexpert.ma\/index.php\/wp-json\/wp\/v2\/types\/page"}],"author":[{"embeddable":true,"href":"https:\/\/elexpert.ma\/index.php\/wp-json\/wp\/v2\/users\/1"}],"replies":[{"embeddable":true,"href":"https:\/\/elexpert.ma\/index.php\/wp-json\/wp\/v2\/comments?post=11056"}],"version-history":[{"count":8,"href":"https:\/\/elexpert.ma\/index.php\/wp-json\/wp\/v2\/pages\/11056\/revisions"}],"predecessor-version":[{"id":12504,"href":"https:\/\/elexpert.ma\/index.php\/wp-json\/wp\/v2\/pages\/11056\/revisions\/12504"}],"wp:attachment":[{"href":"https:\/\/elexpert.ma\/index.php\/wp-json\/wp\/v2\/media?parent=11056"}],"curies":[{"name":"wp","href":"https:\/\/api.w.org\/{rel}","templated":true}]}}