{"id":14239,"date":"2025-04-15T20:02:02","date_gmt":"2025-04-15T20:02:02","guid":{"rendered":"https:\/\/elexpert.ma\/?page_id=14239"},"modified":"2025-04-16T22:50:25","modified_gmt":"2025-04-16T22:50:25","slug":"conditions-generales-dutilisation","status":"publish","type":"page","link":"https:\/\/elexpert.ma\/index.php\/conditions-generales-dutilisation\/","title":{"rendered":"Conditions G\u00e9n\u00e9rales d&#8217;utilisation"},"content":{"rendered":"<h1 style=\"text-align:center\">Conditions G\u00e9n\u00e9rales d&#8217;utilisation<\/h1>\n<h3>Objet<\/h3>\n<p>\nL\u2019acc\u00e8s et l\u2019utilisation du site <a href=\"https:\/\/elexpert.ma\">ELEXPERT<\/a> impliquent l\u2019acceptation de ces CGU.\n<\/p>\n<h3>Acc\u00e8s et inscription<\/h3>\n<ul>\n<li>Le site est accessible gratuitement.<\/li>\n<li>Une inscription peut \u00eatre requise pour acc\u00e9der \u00e0 certaines fonctionnalit\u00e9s.<\/li>\n<li>L\u2019utilisateur s\u2019engage \u00e0 fournir des informations exactes.<\/li>\n<\/ul>\n<h3>Propri\u00e9t\u00e9 intellectuelle<\/h3>\n<p>\nTous les contenus (textes, images, logos, etc.) disponibles sur le site sont la propri\u00e9t\u00e9 de <a href=\"https:\/\/elexpert.ma\">ELEXPERT<\/a> ou de ses partenaires. Toute reproduction est interdite sans autorisation.\n<\/p>\n<h3>Donn\u00e9es personnelles<<\/h3>\n<ul>\n<li>Conform\u00e9ment \u00e0 la loi 09-08, vos donn\u00e9es personnelles sont prot\u00e9g\u00e9es.<\/li>\n<li>Les donn\u00e9es collect\u00e9es sont utilis\u00e9es de mani\u00e8re transparente et s\u00e9curis\u00e9e.<\/li>\n<li>Vous disposez d\u2019un droit d\u2019acc\u00e8s, de modification et de suppression de vos donn\u00e9es en nous contactant \u00e0 contact@elexpert.ma.<\/li>\n<\/ul>\n<h3>Cookies<\/h3>\n<p>\nLe site utilise des cookies pour am\u00e9liorer votre exp\u00e9rience. Vous pouvez refuser leur utilisation, mais certaines fonctionnalit\u00e9s du site pourraient en \u00eatre affect\u00e9es.\n<\/p>\n<h3>Responsabilit\u00e9<\/h3>\n<p><a href=\"https:\/\/elexpert.ma\">ELEXPERT<\/a> d\u00e9cline toute responsabilit\u00e9 quant aux erreurs, omissions ou indisponibilit\u00e9s du site. L\u2019utilisation des informations se fait sous votre responsabilit\u00e9.<\/p>\n","protected":false},"excerpt":{"rendered":"<p>Conditions G\u00e9n\u00e9rales d&#8217;utilisation Objet L\u2019acc\u00e8s et l\u2019utilisation du site ELEXPERT impliquent l\u2019acceptation de ces CGU. Acc\u00e8s et inscription Le site est accessible gratuitement. Une inscription peut \u00eatre requise pour acc\u00e9der \u00e0 certaines fonctionnalit\u00e9s. L\u2019utilisateur s\u2019engage \u00e0 fournir des informations exactes. Propri\u00e9t\u00e9 intellectuelle Tous les contenus (textes, images, logos, etc.) disponibles sur le site sont la propri\u00e9t\u00e9 de ELEXPERT ou de ses partenaires. Toute reproduction est interdite sans autorisation. Donn\u00e9es personnelles<\/p>\n","protected":false},"author":1,"featured_media":0,"parent":0,"menu_order":0,"comment_status":"closed","ping_status":"closed","template":"","meta":{"_acf_changed":false,"_monsterinsights_skip_tracking":false,"_monsterinsights_sitenote_active":false,"_monsterinsights_sitenote_note":"","_monsterinsights_sitenote_category":0,"footnotes":""},"class_list":["post-14239","page","type-page","status-publish","hentry"],"acf":[],"yoast_head":"<!-- This site is optimized with the Yoast SEO plugin v24.8.1 - https:\/\/yoast.com\/wordpress\/plugins\/seo\/ -->\n<title>Conditions G\u00e9n\u00e9rales d&#039;utilisation - Elexpert<\/title>\n<meta name=\"robots\" content=\"index, follow, max-snippet:-1, max-image-preview:large, max-video-preview:-1\" \/>\n<link rel=\"canonical\" href=\"https:\/\/elexpert.ma\/index.php\/conditions-generales-dutilisation\/\" \/>\n<meta property=\"og:locale\" content=\"fr_FR\" \/>\n<meta property=\"og:type\" content=\"article\" \/>\n<meta property=\"og:title\" content=\"Conditions G\u00e9n\u00e9rales d&#039;utilisation - Elexpert\" \/>\n<meta property=\"og:description\" content=\"Conditions G\u00e9n\u00e9rales d&#8217;utilisation Objet L\u2019acc\u00e8s et l\u2019utilisation du site ELEXPERT impliquent l\u2019acceptation de ces CGU. Acc\u00e8s et inscription Le site est accessible gratuitement. Une inscription peut \u00eatre requise pour acc\u00e9der \u00e0 certaines fonctionnalit\u00e9s. L\u2019utilisateur s\u2019engage \u00e0 fournir des informations exactes. Propri\u00e9t\u00e9 intellectuelle Tous les contenus (textes, images, logos, etc.) disponibles sur le site sont la propri\u00e9t\u00e9 de ELEXPERT ou de ses partenaires. Toute reproduction est interdite sans autorisation. Donn\u00e9es personnelles\" \/>\n<meta property=\"og:url\" content=\"https:\/\/elexpert.ma\/index.php\/conditions-generales-dutilisation\/\" \/>\n<meta property=\"og:site_name\" content=\"Elexpert\" \/>\n<meta property=\"article:modified_time\" content=\"2025-04-16T22:50:25+00:00\" \/>\n<meta name=\"twitter:card\" content=\"summary_large_image\" \/>\n<meta name=\"twitter:label1\" content=\"Dur\u00e9e de lecture estim\u00e9e\" \/>\n\t<meta name=\"twitter:data1\" content=\"1 minute\" \/>\n<script type=\"application\/ld+json\" class=\"yoast-schema-graph\">{\"@context\":\"https:\/\/schema.org\",\"@graph\":[{\"@type\":\"WebPage\",\"@id\":\"https:\/\/elexpert.ma\/index.php\/conditions-generales-dutilisation\/\",\"url\":\"https:\/\/elexpert.ma\/index.php\/conditions-generales-dutilisation\/\",\"name\":\"Conditions G\u00e9n\u00e9rales d'utilisation - Elexpert\",\"isPartOf\":{\"@id\":\"https:\/\/elexpert.ma\/#website\"},\"datePublished\":\"2025-04-15T20:02:02+00:00\",\"dateModified\":\"2025-04-16T22:50:25+00:00\",\"breadcrumb\":{\"@id\":\"https:\/\/elexpert.ma\/index.php\/conditions-generales-dutilisation\/#breadcrumb\"},\"inLanguage\":\"fr-FR\",\"potentialAction\":[{\"@type\":\"ReadAction\",\"target\":[\"https:\/\/elexpert.ma\/index.php\/conditions-generales-dutilisation\/\"]}]},{\"@type\":\"BreadcrumbList\",\"@id\":\"https:\/\/elexpert.ma\/index.php\/conditions-generales-dutilisation\/#breadcrumb\",\"itemListElement\":[{\"@type\":\"ListItem\",\"position\":1,\"name\":\"Accueil\",\"item\":\"https:\/\/elexpert.ma\/\"},{\"@type\":\"ListItem\",\"position\":2,\"name\":\"Conditions G\u00e9n\u00e9rales d&#8217;utilisation\"}]},{\"@type\":\"WebSite\",\"@id\":\"https:\/\/elexpert.ma\/#website\",\"url\":\"https:\/\/elexpert.ma\/\",\"name\":\"Elexpert\",\"description\":\"Votre partenaire pour la maitrise de l&#039;\u00e9nergie \u00e9lectrique\",\"publisher\":{\"@id\":\"https:\/\/elexpert.ma\/#organization\"},\"potentialAction\":[{\"@type\":\"SearchAction\",\"target\":{\"@type\":\"EntryPoint\",\"urlTemplate\":\"https:\/\/elexpert.ma\/?s={search_term_string}\"},\"query-input\":{\"@type\":\"PropertyValueSpecification\",\"valueRequired\":true,\"valueName\":\"search_term_string\"}}],\"inLanguage\":\"fr-FR\"},{\"@type\":\"Organization\",\"@id\":\"https:\/\/elexpert.ma\/#organization\",\"name\":\"Elexpert\",\"url\":\"https:\/\/elexpert.ma\/\",\"logo\":{\"@type\":\"ImageObject\",\"inLanguage\":\"fr-FR\",\"@id\":\"https:\/\/elexpert.ma\/#\/schema\/logo\/image\/\",\"url\":\"https:\/\/elexpert.ma\/wp-content\/uploads\/2020\/05\/logo-elexpert.jpg\",\"contentUrl\":\"https:\/\/elexpert.ma\/wp-content\/uploads\/2020\/05\/logo-elexpert.jpg\",\"width\":320,\"height\":94,\"caption\":\"Elexpert\"},\"image\":{\"@id\":\"https:\/\/elexpert.ma\/#\/schema\/logo\/image\/\"}}]}<\/script>\n<!-- \/ Yoast SEO plugin. -->","yoast_head_json":{"title":"Conditions G\u00e9n\u00e9rales d'utilisation - Elexpert","robots":{"index":"index","follow":"follow","max-snippet":"max-snippet:-1","max-image-preview":"max-image-preview:large","max-video-preview":"max-video-preview:-1"},"canonical":"https:\/\/elexpert.ma\/index.php\/conditions-generales-dutilisation\/","og_locale":"fr_FR","og_type":"article","og_title":"Conditions G\u00e9n\u00e9rales d'utilisation - Elexpert","og_description":"Conditions G\u00e9n\u00e9rales d&#8217;utilisation Objet L\u2019acc\u00e8s et l\u2019utilisation du site ELEXPERT impliquent l\u2019acceptation de ces CGU. Acc\u00e8s et inscription Le site est accessible gratuitement. Une inscription peut \u00eatre requise pour acc\u00e9der \u00e0 certaines fonctionnalit\u00e9s. L\u2019utilisateur s\u2019engage \u00e0 fournir des informations exactes. Propri\u00e9t\u00e9 intellectuelle Tous les contenus (textes, images, logos, etc.) disponibles sur le site sont la propri\u00e9t\u00e9 de ELEXPERT ou de ses partenaires. Toute reproduction est interdite sans autorisation. Donn\u00e9es personnelles","og_url":"https:\/\/elexpert.ma\/index.php\/conditions-generales-dutilisation\/","og_site_name":"Elexpert","article_modified_time":"2025-04-16T22:50:25+00:00","twitter_card":"summary_large_image","twitter_misc":{"Dur\u00e9e de lecture estim\u00e9e":"1 minute"},"schema":{"@context":"https:\/\/schema.org","@graph":[{"@type":"WebPage","@id":"https:\/\/elexpert.ma\/index.php\/conditions-generales-dutilisation\/","url":"https:\/\/elexpert.ma\/index.php\/conditions-generales-dutilisation\/","name":"Conditions G\u00e9n\u00e9rales d'utilisation - Elexpert","isPartOf":{"@id":"https:\/\/elexpert.ma\/#website"},"datePublished":"2025-04-15T20:02:02+00:00","dateModified":"2025-04-16T22:50:25+00:00","breadcrumb":{"@id":"https:\/\/elexpert.ma\/index.php\/conditions-generales-dutilisation\/#breadcrumb"},"inLanguage":"fr-FR","potentialAction":[{"@type":"ReadAction","target":["https:\/\/elexpert.ma\/index.php\/conditions-generales-dutilisation\/"]}]},{"@type":"BreadcrumbList","@id":"https:\/\/elexpert.ma\/index.php\/conditions-generales-dutilisation\/#breadcrumb","itemListElement":[{"@type":"ListItem","position":1,"name":"Accueil","item":"https:\/\/elexpert.ma\/"},{"@type":"ListItem","position":2,"name":"Conditions G\u00e9n\u00e9rales d&#8217;utilisation"}]},{"@type":"WebSite","@id":"https:\/\/elexpert.ma\/#website","url":"https:\/\/elexpert.ma\/","name":"Elexpert","description":"Votre partenaire pour la maitrise de l&#039;\u00e9nergie \u00e9lectrique","publisher":{"@id":"https:\/\/elexpert.ma\/#organization"},"potentialAction":[{"@type":"SearchAction","target":{"@type":"EntryPoint","urlTemplate":"https:\/\/elexpert.ma\/?s={search_term_string}"},"query-input":{"@type":"PropertyValueSpecification","valueRequired":true,"valueName":"search_term_string"}}],"inLanguage":"fr-FR"},{"@type":"Organization","@id":"https:\/\/elexpert.ma\/#organization","name":"Elexpert","url":"https:\/\/elexpert.ma\/","logo":{"@type":"ImageObject","inLanguage":"fr-FR","@id":"https:\/\/elexpert.ma\/#\/schema\/logo\/image\/","url":"https:\/\/elexpert.ma\/wp-content\/uploads\/2020\/05\/logo-elexpert.jpg","contentUrl":"https:\/\/elexpert.ma\/wp-content\/uploads\/2020\/05\/logo-elexpert.jpg","width":320,"height":94,"caption":"Elexpert"},"image":{"@id":"https:\/\/elexpert.ma\/#\/schema\/logo\/image\/"}}]}},"_links":{"self":[{"href":"https:\/\/elexpert.ma\/index.php\/wp-json\/wp\/v2\/pages\/14239","targetHints":{"allow":["GET"]}}],"collection":[{"href":"https:\/\/elexpert.ma\/index.php\/wp-json\/wp\/v2\/pages"}],"about":[{"href":"https:\/\/elexpert.ma\/index.php\/wp-json\/wp\/v2\/types\/page"}],"author":[{"embeddable":true,"href":"https:\/\/elexpert.ma\/index.php\/wp-json\/wp\/v2\/users\/1"}],"replies":[{"embeddable":true,"href":"https:\/\/elexpert.ma\/index.php\/wp-json\/wp\/v2\/comments?post=14239"}],"version-history":[{"count":6,"href":"https:\/\/elexpert.ma\/index.php\/wp-json\/wp\/v2\/pages\/14239\/revisions"}],"predecessor-version":[{"id":14252,"href":"https:\/\/elexpert.ma\/index.php\/wp-json\/wp\/v2\/pages\/14239\/revisions\/14252"}],"wp:attachment":[{"href":"https:\/\/elexpert.ma\/index.php\/wp-json\/wp\/v2\/media?parent=14239"}],"curies":[{"name":"wp","href":"https:\/\/api.w.org\/{rel}","templated":true}]}}